2419. Is g a composite number?
True
Let z be 1/(-2 - (-230)/114). Suppose -13*a = -7*a - 12. Suppose a*t = u + 499, -t + 3*u = -z - 185. Is t a prime number?
True
Suppose 0 = -5*o + i - 964, o - i = 3*i - 208. Let u = 371 - o. Is u composite?
False
Suppose -j + 5*m + 160 = -0*m, -3*j + 550 = -m. Let f = j + 17. Is f prime?
False
Let u = -241 + 1126. Let m = u + -578. Is m a prime number?
True
Let g(s) be the first derivative of 28*s**3 + 17*s - 11. Is g(4) prime?
True
Suppose 20*g + 1005588 = 56*g. Is g a prime number?
False
Let c(z) = 145*z**2 + 26*z + 138. Is c(-7) prime?
False
Let z(u) = -2*u. Let n be z(2). Let l(x) = 0*x**3 + 4*x**3 + 4*x**3 - 5*x - 13*x**3 - 3*x**2 - 3. Is l(n) composite?
True
Let q = -61 - -65. Is 11190/14 + q/(-14) a composite number?
True
Let g = 3 + -1. Suppose 3*u - 2*b = 337, 226 = 2*u - g*b + b. Let p = u + -32. Is p a composite number?
False
Is (-102)/(-255) + 5/(75/282879) composite?
False
Let o(v) be the first derivative of -v**4/2 + 2*v**3/3 + 5*v**2/2 + 6*v - 68. Let w be -4 - (-1 + (-2)/(-2)). Is o(w) a composite number?
True
Let c(k) = 89*k**2 + 2 + k + 4 - 9 + 1. Let p be c(1). Suppose 5*y = 4*j + 309, p = -4*y - 4*j + 364. Is y composite?
True
Let p(z) = z**3 - 3*z**2 - z + 3. Let n be p(4). Let q = n + -11. Suppose 7*l - q*l + v = 449, -l + 151 = v. Is l a composite number?
False
Suppose 4*a - 4*v = 21412, -5341 = -a + 3*v - 8*v. Is a a composite number?
False
Suppose 3*a + 44 - 5 = -3*q, -5*a = 3*q + 63. Let t be (279 - -1) + a/6. Let p = -13 + t. Is p a prime number?
False
Is 46836/8 + ((-2)/(-4))/(-1) a prime number?
False
Is ((-60)/(-90))/(4/43926) prime?
True
Is (2 - -3)*89036*6/24 prime?
False
Let u(y) = -y**3 - 7*y**2 + 9*y + 13. Let w be u(-8). Suppose 5*r = -w, -3*s + 762 = -r - 910. Is s a prime number?
True
Suppose -369*o = -361*o - 39640. Is o a composite number?
True
Let g(n) be the third derivative of -n**4/24 - 2*n**3/3 + 9*n**2. Let j be g(6). Is 85/34*(-212)/j a composite number?
False
Let k(a) = 195*a**3 - 6*a**2 - 6*a - 2. Let s be k(-3). Let i = -3668 - s. Let l = i + -1078. Is l prime?
True
Let f be 2/(-1) - (-15)/(-10)*-2. Is (6*f)/(10/35) prime?
False
Suppose -389 + 134 = -5*q + 2*x, x + 102 = 2*q. Suppose 4*u = -w + 1522 - q, -2*u + 5*w = -719. Is u prime?
True
Let w be 2/3*(-18)/4. Is w*(-3)/(-18)*-502 a prime number?
True
Let k = 6 + -1. Let f(z) = 24*z + 3. Let d be f(k). Suppose 3*h + a = 232, -4*h - 4*a + d + 173 = 0. Is h composite?
False
Suppose -5*b = -1129 - 171. Let d be (-26)/(-10) - 18/(-45). Suppose -4*y - d*a = -445, -b = -3*y - a + 70. Is y a prime number?
True
Suppose b + b = 2*x - 1472, x - 730 = 3*b. Is x composite?
False
Is (-2)/(-4) + (23799/(-2))/(-3) a prime number?
True
Let d(h) = h**3 - 2*h - 1. Let o be d(2). Suppose o*i - f - 6 = 0, 0 = -0*f - 2*f. Suppose 5*w - 913 = 3*q, -2*w - i*q - 177 = -3*w. Is w composite?
True
Let c be 1048 - (2/(-4)*0 - -1). Suppose -3*d + 1056 = -c. Is d composite?
False
Let q(t) be the second derivative of t**5/20 + 11*t**4/12 - t**3/3 + 13*t**2/2 + 20*t. Is q(-7) prime?
True
Let c(y) = -y**2 - 3*y. Let f be 0 + -4 + 3/3. Let j be c(f). Suppose j = 5*r - 5*u - 7125, 2*u = 2*r - 3*u - 2856. Is r a composite number?
False
Let g(c) = 223*c**2 + 3*c - 11. Let o(p) = -223*p**2 - 3*p + 11. Let i(a) = 3*g(a) + 2*o(a). Is i(2) a composite number?
False
Suppose -57*z + 61*z - 459748 = 0. Is z a composite number?
True
Suppose -3*n = -2*v - 2921, 0*n + 5*n = 4*v + 5839. Let d = -201 - v. Is d composite?
True
Suppose -740*k + 725*k + 412905 = 0. Is k prime?
True
Suppose -3638 + 9646 = 4*q. Is q a prime number?
False
Let p(v) = -17*v**2 + v - 1. Let f(s) = s**2 - 1. Let g(j) = 5*f(j) - p(j). Is g(3) a prime number?
True
Let p = -62738 + 88161. Is p composite?
False
Let h(a) be the first derivative of 890*a**3/3 - 1. Let f be h(-1). Suppose -5*s + o + 756 = -f, 5*s + 2*o - 1643 = 0. Is s a composite number?
True
Let w = -38 - -42. Suppose 3935 = w*j - 1813. Let y = j + -764. Is y composite?
False
Let n = 76 + -73. Suppose 748 = n*b + 5*x - 353, -5*b + x + 1807 = 0. Is b prime?
False
Suppose 196 = -2*g + 1044. Let f = -232 + 465. Let m = g - f. Is m composite?
False
Suppose -8451 = -8*i + 2101. Is i a composite number?
False
Let y be (-67)/(5 + -2 - 4). Suppose 0 = -2*a + 29 + y. Is (-2)/6 - (-6400)/a a prime number?
False
Let r = -2740 - -1504. Let q = -443 - r. Suppose z - d = 259, 2*z + d = -z + q. Is z prime?
True
Let v = 1593 - 58. Suppose 279 = a - v. Is a prime?
False
Let l(z) = -z**2 - 11*z - 5. Let f be l(-10). Suppose -4*s + 8682 = b, f*b = -s - 4*s + 10845. Is s a prime number?
False
Let j(m) = -m**3 - 10*m**2 + 12*m + 6. Let i be j(-11). Let z(k) = -k**2 - 6*k + 5. Let g be z(i). Suppose -g = -o + 5. Is o composite?
True
Let y(n) = 9*n + 5. Let t be y(4). Suppose 2*b + 6 = 0, -p - 5*b + 294 = -t. Let h = p + -239. Is h a composite number?
True
Let q = 2 - -2. Suppose q*b + 36 = -0*b. Is (-14)/(1 - b/(-3)) a prime number?
True
Let v(w) = -5396*w + 239. Is v(-12) composite?
True
Let j(m) = 5*m**2 + 19*m + 15. Let y = 44 + -51. Is j(y) a prime number?
True
Let d = 684 + 1786. Let v be 11 + d + -1 + 5. Suppose -7*n + v + 420 = 0. Is n a composite number?
True
Suppose -10652 = -2*h + 5*x - 1902, 5*h + 4*x = 21941. Is h a prime number?
False
Let v = -222 + 8863. Is v a composite number?
False
Let y(i) = i + 2*i - i + 177 + i**2. Suppose x + x = 4*v + 8, -4 = 2*v. Is y(x) prime?
False
Suppose q + c = 4, 0 = 3*q + q + 5*c - 11. Let f be (3/q)/((-1)/(-15)). Suppose -335 - 980 = -f*p. Is p a prime number?
True
Let v(g) = -g**3 + 2*g**2 + 89. Let o = 10 + 2. Let x = o + -12. Is v(x) composite?
False
Let r(g) = -6*g + 21. Let s be r(7). Is (-2)/(-7) + (-3753)/s a composite number?
False
Suppose 0 = -4*f, -4*f = 2*q - 3*q + 2. Suppose -q*d - 11 + 0 = -5*x, 0 = d + x + 2. Is 9/d - 1016/(-4) prime?
True
Let s = 216 + -420. Let v = 381 + s. Suppose -2*l = n - v, -4*n - 2*l + 455 = -223. Is n a prime number?
True
Suppose -9 = 9*a - 12*a. Suppose -a*o + o = -66. Let p = o + -14. Is p prime?
True
Let k(t) = 10*t**2 + 13*t + 10. Let l(c) = -9*c**2 - 12*c - 11. Let u(w) = 6*k(w) + 5*l(w). Is u(-6) prime?
False
Suppose 5*v - n + 755 = 0, n + 2 = 7. Let q = 221 + v. Let i = q + 142. Is i a composite number?
True
Suppose 2*x + 3*t = -25, -3*t - 15 = 3*x + 18. Let v(i) be the third derivative of i**5/60 + i**4/6 - i**3/6 - i**2. Is v(x) composite?
False
Let m be 5 - ((-10 - -6) + 6). Let k(n) = 3 + 3*n**2 - 2*n**2 + 25*n**3 + 1 - 3*n. Is k(m) a prime number?
False
Let n = 4438 - -13791. Is n a prime number?
True
Let g(c) = 1938*c + 13. Let o be g(20). Suppose -12686 = 19*x - o. Is x prime?
True
Suppose 3*s = 7*s - 5964. Suppose -2*p + s = -u, -5*u + 301 = p - 439. Is p a composite number?
True
Let l(x) be the second derivative of -148*x**3/3 - 31*x**2/2 - 13*x. Is l(-21) composite?
True
Is ((-9)/27)/(47643/23823 + -2) composite?
False
Let x(v) = -v**3 - v**2 + 911. Suppose 2*f = 7*f. Is x(f) a composite number?
False
Let b = 21 + -8. Suppose 3*v - b*v = -51530. Is v prime?
True
Let a(d) = -d**3 - 7*d**2 - 8*d - 2. Let i be a(-6). Let h be 42/i + 3/(-15). Suppose 2*q - 6*q = h*l - 692, 4*q + 16 = 0. Is l a composite number?
True
Let i = -8781 + 19822. Suppose 4*l + d - i = -0*d, -4*l + 11029 = 5*d. Is l prime?
False
Let m(t) be the first derivative of 17*t**4/12 - 5*t**3/6 - 5*t**2/2 - 6*t + 5. Let u(l) be the first derivative of m(l). Is u(-3) a prime number?
True
Suppose -7*w + 2*w - 2*k - 4 = 0, k = 4*w + 11. Is w/3 + 2/(-6) + 878 a prime number?
True
Suppose -5*g = 8 + 7. Let x(s) = -225*s**2 - 10*s - 15. Let l(n) = -75*n**2 - 3*n - 5. Let q(y) = -7*l(y) + 2*x(y). Is q(g) a composite number?
False
Let y = 154 - 58. Let d be 0/2 + 32 - 1. Suppose 2*n - 3 = 3*j - y, -d = -j - n. Is j prime?
True
Let f(a) = 4*a - 3. Let u be f(2). Suppose -b + 3*b - 46 = -u*q, 5*b - 10 = -2*q. Is (4/q)/((-4)/(-1660)) a composite number?
True
Let r(z) = -2*z + 14. Let v be r(6). Suppose 0 = -2*t + 2*o + 22, -v*t = 5*o - 1 - 28. Suppose t*u - 11*u - 307 = 0. Is u a prime number?
True
Let p = 65 - 29. Is -2*2/(-4) + p prime?
True
Suppose 0 = 2*r - 0*r - 88. Let z(u) = -24 + 23 - r*u - 15*u. Is z(-1) composite?
True
Let h be (5 - 8 - (1 - -181)) + 1. Let a = h - -393. Is